97585 and 527.
31
What is the greatest common factor of 5129411 and 1729?
133
Calculate the greatest common factor of 1225536912 and 32.
16
What is the highest common factor of 406290 and 296078?
934
What is the greatest common factor of 13552977 and 22507?
71
Calculate the highest common factor of 396 and 16544880.
396
Calculate the greatest common divisor of 51878528 and 24.
8
Calculate the highest common divisor of 17877616 and 2086.
298
Calculate the highest common divisor of 399201 and 4983.
33
What is the greatest common factor of 2712759 and 6969?
303
Calculate the greatest common factor of 276 and 33580828.
92
Calculate the greatest common factor of 110 and 12076966.
22
What is the highest common factor of 9268 and 2502304?
28
What is the highest common factor of 172 and 1469044?
4
What is the greatest common factor of 2367966 and 194184?
5394
Calculate the greatest common divisor of 8570070 and 702.
54
Calculate the highest common divisor of 156723 and 1428.
357
Calculate the highest common divisor of 2142064 and 415.
83
Calculate the highest common divisor of 872 and 35010224.
8
Calculate the greatest common factor of 3710 and 49665505.
265
Calculate the greatest common factor of 1967652 and 34344.
324
What is the highest common divisor of 648122 and 542?
2
Calculate the highest common factor of 282018 and 47010.
6
Calculate the highest common factor of 133 and 39615.
19
What is the highest common divisor of 423 and 60700359?
141
What is the highest common factor of 53006306 and 782?
782
What is the greatest common factor of 660 and 70882185?
165
Calculate the greatest common factor of 343661297 and 1022.
511
Calculate the greatest common factor of 27 and 133524.
9
What is the highest common factor of 18 and 1929861?
9
What is the greatest common divisor of 390354 and 1434222?
4386
Calculate the highest common divisor of 152260908 and 6507.
723
Calculate the greatest common factor of 301617 and 2241.
27
What is the greatest common factor of 15897 and 51639?
21
Calculate the greatest common divisor of 45 and 313514310.
15
Calculate the greatest common divisor of 9592806 and 10.
2
Calculate the greatest common divisor of 21389 and 9928598.
293
Calculate the highest common factor of 4090 and 237348835.
2045
Calculate the highest common factor of 45 and 17785044.
9
What is the greatest common divisor of 3378180 and 172874?
1586
Calculate the greatest common factor of 672931 and 17724091.
2681
Calculate the highest common factor of 34131190 and 50.
10
Calculate the greatest common factor of 4195230 and 62.
62
Calculate the highest common factor of 805486 and 18502.
22
What is the highest common divisor of 6675046 and 61754?
5614
Calculate the greatest common factor of 12102063 and 3.
3
Calculate the greatest common factor of 35416 and 1515896.
152
What is the highest common factor of 9864 and 122328396?
4932
What is the greatest common divisor of 31500048 and 168?
24
Calculate the greatest common factor of 96 and 11280608.
32
Calculate the highest common divisor of 7632944 and 3596.
124
What is the greatest common factor of 2405 and 69901?
13
What is the greatest common factor of 1225233858 and 4614?
4614
Calculate the greatest common factor of 69 and 6776375.
23
What is the highest common divisor of 2183067286 and 214?
214
What is the highest common divisor of 57 and 2378009296?
19
Calculate the highest common divisor of 16516176 and 512.
16
Calculate the greatest common factor of 6444097 and 25289.
2299
Calculate the highest common factor of 143463 and 11136.
87
What is the greatest common factor of 2038278770 and 5035?
5035
What is the highest common divisor of 3897372 and 84?
12
What is the greatest common factor of 9879 and 23278217?
3293
What is the highest common factor of 28765 and 5154165?
2615
Calculate the greatest common divisor of 18825388 and 636.
212
What is the highest common divisor of 22 and 110831010?
2
Calculate the greatest common divisor of 1447705 and 60.
5
What is the greatest common divisor of 88924 and 4292948?
1892
Calculate the greatest common factor of 98 and 1069268494.
98
Calculate the highest common factor of 534114 and 252770.
2198
Calculate the greatest common divisor of 164 and 176573798.
82
What is the greatest common divisor of 23 and 309734468?
23
What is the greatest common factor of 299124 and 998424?
252
What is the highest common divisor of 41100 and 984756?
1644
Calculate the greatest common divisor of 89 and 154136697.
89
Calculate the greatest common factor of 173468180 and 40.
20
Calculate the greatest common divisor of 2112591 and 6747.
39
What is the greatest common factor of 1338 and 13097236?
446
Calculate the highest common factor of 68 and 695448121.
17
Calculate the greatest common factor of 429251251 and 26.
13
Calculate the highest common factor of 6576 and 4270290.
822
Calculate the greatest common factor of 2300562 and 1782.
1782
What is the highest common divisor of 630154 and 17917?
437
Calculate the greatest common divisor of 1737 and 291734361.
1737
Calculate the highest common divisor of 1207703 and 392.
49
Calculate the greatest common divisor of 14375784 and 14343.
2049
Calculate the greatest common factor of 896 and 704896.
128
Calculate the greatest common factor of 6004975 and 125.
25
What is the greatest common divisor of 13984 and 190512?
16
Calculate the greatest common divisor of 113325 and 26575.
25
Calculate the greatest common divisor of 329582 and 66.
22
Calculate the highest common divisor of 30336 and 2388328.
632
Calculate the greatest common factor of 23878659 and 8925.
357
What is the greatest common factor of 77492518 and 271336?
5218
Calculate the highest common factor of 391461 and 4753.
49
What is the highest common factor of 950 and 64546450?
50
Calculate the highest common divisor of 20245496 and 18880.
472
Calculate the greatest common factor of 1 and 4588060.
1
Calculate the highest common divisor of 17143 and 8029.
217
Calculate the greatest common factor of 15506144 and 3440.
688
What is the greatest common factor of 333906048 and 1504?
1504
Calculate the highest common factor of 352 and 813252.
44
What is the greatest common factor of 2221130236 and 52?
52
Calculate the highest common divisor of 3348 and 28322964.
1116
What is the highest common divisor of 3015 and 234955265?
335
What is the greatest common factor of 285 and 1084881?
57
Calculate the greatest common factor of 35754927 and 9282.
663
Calculate the greatest common factor of 5736208 and 12784.
272
What is the greatest common factor of 80 and 3906455?
5
Calculate the highest common factor of 5070377 and 286.
13
What is the highest common factor of 2681 and 132488509?
383
Calculate the highest common divisor of 98 and 17558023.
49
What is the greatest common factor of 93933564 and 92?
92
What is the greatest common factor of 6768 and 4380624?
144
Calculate the greatest common factor of 1575 and 72513.
63
Calculate the greatest common factor of 26458786 and 2714.
2714
What is the highest common factor of 34866 and 6994507?
1937
What is the greatest common divisor of 159 and 754667?
53
What is the greatest common divisor of 598 and 401314810?
598
Calculate the greatest common factor of 124260 and 3055488.
1308
What is the highest common factor of 10 and 18204770?
10
Calculate the highest common factor of 8799228 and 36.
36
Calculate the highest common divisor of 180029349 and 46.
23
What is the highest common factor of 2460732 and 5076?
564
What is the greatest common factor of 361 and 6019048?
19
What is the highest common divisor of 76276915 and 3146?
143
Calculate the highest common factor of 11339 and 1229542.
493
What is the highest common divisor of 342790 and 17703070?
5810
Calculate the highest common divisor of 8993262 and 658.
94
What is the highest common factor of 2046 and 78650627?
341
Calculate the greatest common factor of 1240 and 78136.
8
Calculate the greatest common factor of 65693 and 160205.
179
What is the highest common factor of 554176 and 3710?
14
What is the greatest common divisor of 5700 and 22890250?
950
Calculate the greatest common factor of 206 and 1324888.
2
What is the highest common divisor of 770 and 10783465?
385
What is the highest common factor of